*w. Give x(-2).
-3
Let u(w) = 5*w - 11. Let o(i) = -3*i + 7. Let p(v) = 8*o(v) + 5*u(v). Let x = -20 - -20. Suppose x = -4*a + 6*a. What is p(a)?
1
Let x(o) = -2*o + 2. Let c be x(3). Let f(w) = w**3 - 4*w**2 - 7*w - 5. Let t(i) = 4*i**3 - 12*i**2 - 24*i - 15. Let b(q) = -7*f(q) + 2*t(q). Determine b(c).
1
Let t(c) be the second derivative of -c**5/60 + c**4/24 + c**3/6 + 15*c**2/2 + 5*c. Let o(r) be the first derivative of t(r). Calculate o(0).
1
Suppose -x - 2 = -2*x - 3*v, 4*x - v + 5 = 0. Let i be 3 + x + -14 + 4 + -3. Let d(j) = j**2 + 12*j + 14. Calculate d(i).
3
Let v(f) = 4*f + 6. Let n(x) = 17*x + 25. Let b(w) = w - 1. Let z be b(-5). Let l(u) = z*n(u) + 26*v(u). Calculate l(-4).
-2
Let q(o) = 26*o + 23. Let l(g) = 9*g + 8. Let a = -8 - -8. Suppose z - 3 = a, -4*c + 16 + 37 = -5*z. Let j(p) = c*l(p) - 6*q(p). Give j(-4).
10
Let q(o) = o**3 - 5*o**2 + 4. Let r be q(5). Suppose 3*g - g - 4 = 0. Let f(d) = -2*d**2 + d - 6*d + 3*d**g. Give f(r).
-4
Suppose u = 5*q + 25, 0 = 5*u - q - q - 10. Let d(j) = 3*j + u*j - 73 + 72. Give d(-5).
-16
Let t(u) = -3*u - 22. Let a(s) = -s**2 - 22*s - 94. Let o be a(-5). Give t(o).
5
Suppose -6*s = -3*s. Let f(i) be the third derivative of -i**6/120 - i**5/60 + i**4/24 - i**3/3 + 589*i**2. Determine f(s).
-2
Let i(a) = a - 11. Let d = -154 - -167. What is i(d)?
2
Let l(a) = 3*a**3 - a**2 + 2. Suppose 0 = 5*u - 214 + 209. What is l(u)?
4
Suppose -2 = -4*q - 6. Let l = q - -7. Let v(n) be the third derivative of -n**6/120 + 7*n**5/60 - n**4/6 - 7*n**3/6 + 3*n**2. Determine v(l).
5
Let g(a) = a**2 + 16*a + 20. Let n be 4/(-48)*-3 - (-244)/(-16). What is g(n)?
5
Let p(n) = -n**2 + 6*n + 19. Let c be p(8). Let b(s) = s**2 + 4 - 3*s - 3*s - c*s**2 + 4*s**2. Give b(4).
12
Let l(r) = 2*r - 1 + r**2 + 5*r**2 + r**2. Let m be (8 + (3 - 9))*(-1)/(-2). Give l(m).
8
Let f(v) = -8*v + 1. Let t(s) = s**3 - 6*s**2 + 3*s + 8. Suppose -l - 3*l + 20 = 0. Let q be t(l). Give f(q).
17
Let g = 1 - 6. Let k(x) = -x + 9. Let o(m) be the first derivative of m**2/2 - 2*m - 12. Let i(z) = k(z) + 4*o(z). What is i(g)?
-14
Let w(x) = -x**2 - 11*x + 1. Suppose -501*c + 496*c = 25. Determine w(c).
31
Let d(l) = 3*l + 15. Let f(m) = -m - 5. Let r(q) = -4*d(q) - 11*f(q). Calculate r(0).
-5
Let p be (-4)/(3/((-15)/(-2))). Let l = p + 16. Let o(f) = 53*f**3 + 8*f**2 + l - 54*f**3 - f**2. Determine o(7).
6
Let l be (-7)/(-308)*-8 - 13/(-11). Let h(w) = 11*w**2. Give h(l).
11
Let u(t) = 22*t**2 - t - 2. Let h be u(-1). Let f = h - 25. Let o(j) = -6 + 0*j - 3*j - j. Give o(f).
10
Let k(d) = 8 + 48*d + 47*d - 3*d**2 - 101*d + 2*d**2. Determine k(-7).
1
Let j(i) = i**3 + 8*i**2 - 3*i + 11. Suppose 10*k = -72 - 8. Determine j(k).
35
Let b(c) = -c**3 - c**2 - c - 3. Let f be (5/(-3))/(2/18). Suppose -d + m - 79 = 4*d, d - 4*m + 31 = 0. Let a = d - f. What is b(a)?
-3
Suppose -4*j = 4*k - 8, 26 = -5*k + 4*j - 0. Let x(b) = b**3 - 2*b**2 + 2. Calculate x(k).
-14
Let v(k) = -k**3 + 5*k**2 + k - 7. Suppose 9 = 2*l - 3*y - 1, 3*l - 4*y = 15. Give v(l).
-2
Suppose 8*m = 2*m + 36. Let g be 64/(-48) + 32/m. Let o(v) = -v**2 + 6*v. Calculate o(g).
8
Let n(h) = 2*h - 4. Let g be (-40)/18 - 6/(-27). Let b = 7 + g. Suppose -7*u - b*q = -3*u - 10, 3*u - 23 = 4*q. Calculate n(u).
6
Let x = 11 - 0. Let h(f) = x*f - 3 - 2*f - 13*f. Determine h(-3).
9
Let b(f) be the first derivative of -12 - 4/3*f**3 + 1/4*f**4 + 5*f + 0*f**2. Let c = -2 - -6. What is b(c)?
5
Let u be (-8)/20 - (-94)/10. Let y be 31/4*(-13 + u). Let l = y + 35. Let h(s) = s**2 - 4*s + 6. What is h(l)?
6
Suppose 0*o + 2*o + 4 = 0. Let m(q) be the first derivative of q**4/2 + 2*q**3/3 - q**2/2 + 2*q + 39. Give m(o).
-4
Let c(o) = o**2 + o - 4. Let q be c(-3). Let a(f) = -5*f - 3. Let z(k) = -59 + 0 - 51*k + 29. Let r(x) = q*z(x) - 21*a(x). Calculate r(-3).
-6
Let k = -32 + 32. Suppose k*u = 3*u - 18. Let a(s) = s**2 + 5*s - 4. Let m(z) = z**2 - z. Let c(w) = -a(w) + 2*m(w). Give c(u).
-2
Let j(g) = -82*g - 87. Let p be j(-1). Let z(o) = 0 - 2*o + o - 4. Determine z(p).
1
Let c(t) = 15*t. Suppose 0 = 3*z - 94 + 100. Let u(v) = -16*v. Let g(y) = z*c(y) - 3*u(y). Determine g(1).
18
Suppose -12 = -5*b - 2. Let o(t) = -1 + t - 3*t - 3*t**3 - 3*t**2 + b*t**2. Let u = -308 + 307. Determine o(u).
3
Let t(a) = -a. Let v be t(-2). Let x(j) = -4*j + 17. Let n be x(4). Let c(i) = -n + 13*i - i**3 - 9*i + 2*i**v - 6*i**2. Determine c(-5).
4
Let t(y) be the first derivative of y**4/4 - 2*y**3/3 - y**2 + 3*y + 579. Suppose 2*m = -2*r + 8, -5*m + 4*m + 10 = 4*r. What is t(m)?
-1
Let z(b) = -b**2 + 18*b + 12. Let i(c) = c**2 - 37*c - 24. Let u(q) = -3*i(q) - 5*z(q). Determine u(-10).
2
Suppose 65*m - 3*u = 63*m - 18, -3*m - u = 5. Let z(k) = 20*k - 5. What is z(m)?
-65
Let o(d) = 2*d - 23. Suppose 3*w + 88*p - 92*p - 33 = 0, 0 = -3*w + 3*p + 36. What is o(w)?
7
Let g(c) = 14*c**2 - c - 1. Let v(w) = w**3 - 3*w**2 + 2*w + 1. Let h be v(3). Let p(r) = h*r - 16*r + 9 + 1 + 10*r. Let m be p(-11). Determine g(m).
14
Let v(p) = -81*p + 82*p - 10 - 9. What is v(0)?
-19
Let w(n) be the first derivative of -n**2/2 + 15*n + 3. Let z be w(12). Suppose -2*i - 6 = -z*i. Let x(s) = s**2 - 7*s + 2. Determine x(i).
-4
Let b(d) = d**2 - 5*d + 3. Suppose 2*c + 2*c - 16 = 0. Suppose -5*r = -3*k - 0 + 8, -r + 12 = -c*k. Let t = r + 9. Determine b(t).
3
Let x(z) = 2*z**2 - 24*z - 2. Let n be x(13). Let h(m) = n + 0*m - m - 20. Calculate h(2).
2
Let r(x) be the third derivative of x**6/120 + x**5/10 - x**4/12 - 5*x**3/6 + 4*x**2. Suppose 3*n - 8*j + 15 = -9*j, 3*n + 33 = 5*j. Determine r(n).
7
Let y(g) = 4*g**2 + 5*g. Let l(v) = -12*v + 5*v - 17*v**2 + 1 + 0 - 12*v. Let p(j) = -2*l(j) - 9*y(j). What is p(-5)?
-17
Let p(u) = -u**2 + 2*u + 1. Let r be p(2). Let w(k) be the first derivative of 0*k**2 + k - 2 - 4/3*k**3. Calculate w(r).
-3
Let o(y) = -y**2 + 0 - 3 - 2 + y. Let d = 2835 + -2835. Give o(d).
-5
Let v(x) = x + 8. Let y be -7*(4 - 104/28). Let j be 6*(y/6 + -1). Calculate v(j).
0
Let u(d) = -d**3 - 10*d**2 + 10*d - 6. Let o = 293 - 304. What is u(o)?
5
Let i(m) = -2*m - m**2 + 0*m**2 + 0 - 1. Let g be i(-3). Let w(o) be the second derivative of -o**4/12 - 5*o**3/6 + 3*o**2/2 - 1643*o. Give w(g).
7
Let z(w) = w**2 - 21. Let x be z(-5). Suppose -4 = -2*b + x*b. Let d(c) = c**2 + 2*c + 2. Determine d(b).
2
Let x(g) = -21 + 42 - 21 - 4*g. Let o(z) = -12*z. Let h(v) = -2*o(v) + 7*x(v). Let u = 2 - 1. Determine h(u).
-4
Let m = 32 - 39. Let g(v) be the second derivative of v**4/12 + 4*v**3/3 + v**2 + v - 15. Determine g(m).
-5
Let y(x) be the first derivative of 5*x**2/2 - 5*x - 136. Calculate y(2).
5
Suppose 11*a = -9*a - 20. Let j(c) = -8*c**2 + c. Determine j(a).
-9
Let j(d) = -d - 4. Let t(n) = 4*n**2 - 2*n - 2. Let h be t(-1). Suppose 0 = -h*w + 10 + 2. Let c = 3 + w. Calculate j(c).
-10
Let z(w) = 16*w**2 + 2*w - 1. Let a be (5 + 0)*((-112)/(-35))/16. What is z(a)?
17
Let r(z) = -z + 5. Let l(w) = w - 6. Let s(o) = 5*l(o) + 6*r(o). Suppose -3*a = 3*i + 3 + 3, 0 = -4*a - 3*i - 10. Determine s(a).
4
Let p(m) = 7. Let y(l) = l - 29. Let g(h) = -9*p(h) - 2*y(h). Let r be g(0). Let a(j) = j + 6. Give a(r).
1
Let w(j) = -j**2 + 14*j - 32. Let i be w(4). Let b(h) = -h + 16. Give b(i).
8
Let y(m) be the third derivative of -m**6/120 + m**5/12 - m**4/8 + m**3/6 + 120*m**2 - 2. Let k = -5 - -9. What is y(k)?
5
Let s(i) = -i. Let b(y) = -y + 87 - 87 + 3*y. Let h be b(2). Let t be (-2)/h*(-8)/2. Calculate s(t).
-2
Let b be ((-24)/(-10))/((-42)/105). Let i(s) = -2*s + 8. What is i(b)?
20
Let g(u) = 4*u**2 - 5*u - 1. Let o(q) = -3*q**2 + 3*q. Let z(n) = -2*g(n) - 3*o(n). What is z(-2)?
4
Let k(s) be the second derivative of 5*s**3/6 - 3*s**2/2 - 3*s + 3. Let t = 10 - 8. Calculate k(t).
7
Let w = 140 - 146. Let s(a) = 2 - 7*a + a**2 - 1 - 2*a**2. Give s(w).
7
Let z = 28 - 25. Let g(x) = 0 + 16*x**3 + 1 - 35*x**3 - x**2 + 22*x**z + x. What is g(2)?
23
Let v(m) be the third derivative of -m**6/120 + 2*m**5/15 - m**4/4 - 5*m**3/6 + 2*m**2. Let j be v(7). Let p(t) = -8 - 4 - 2*t + j + 0. What is p(-7)?
4
Suppose 5*n - 5*d = 35, 3*n + 4*d - 23 = -2. Let m(x) = -x**3 + n + 3 - 2*x - 40*x**2 + 81*x**2 - 34*x**2. Calculate m(7).
-4
Let k(i) = i**2 - i + 2. Let z(g) = -g**2 - 5*g + 7. Let w(j) = -3*k(j) + z(j). Calculate w(-2).
-11
Suppose 3*t +